{"id":2,"date":"2016-10-24T19:18:12","date_gmt":"2016-10-24T17:18:12","guid":{"rendered":"http:\/\/eco3x.fr\/BLOG\/onestensemble\/?page_id=2"},"modified":"2016-11-22T18:39:25","modified_gmt":"2016-11-22T17:39:25","slug":"page-d-exemple","status":"publish","type":"page","link":"https:\/\/eco3x.fr\/BLOG\/onestensemble\/page-d-exemple\/","title":{"rendered":"On Est Ensemble"},"content":{"rendered":"<p>Cr\u00e9er le 5 juillet 2014, \u00ab\u00a0On est\u00a0Ensembles\u00a0\u00bb est une association cr\u00e9\u00e9e dans le but de mener des actions de soutien pour des causes humanitaires comme\u00a0 \u00ab\u00a0le foyer de Balimba\u00a0\u00bb.<\/p>\n<blockquote><p>Ces enfants sont livr\u00e9s \u00e0 eux-m\u00eames et vivent dans la rue, en errance sur les march\u00e9s.<br \/>\nCe sont des enfants orphelins, l&rsquo;esp\u00e9ran<wbr \/>ce de vie au <span class=\"text_exposed_show\">Tchad ne d\u00e9passe pas les 50 ans, ou des enfants rejet\u00e9s par leur famille suite \u00e0 un remariage d&rsquo;un des parents ou des enfants ayant d\u00e9lib\u00e9r\u00e9me<wbr \/>nt quitt\u00e9 leur famille pour fuir la mis\u00e8re.<\/span><\/p>\n<p><span class=\"text_exposed_show\">Au march\u00e9,\u00a0ces enfants sont livr\u00e9s \u00e0 eux-m\u00eames et doivent lutter pour leur survie.<br \/>\nPour se nourrir, ils mangent ce qu&rsquo;ils trouvent ou volent. \u00a0La loi du plus fort est pratiquement la seule et unique r\u00e8gle, les petits peuvent \u00eatre rackett\u00e9s par les plus grands. Les plus grands boivent et se droguent. Si personne ne prend en charge ces enfants de la rue, ils aboutissen<wbr \/>t la plupart du temps au march\u00e9 de N&rsquo;Djamena,<wbr \/> la capitale du Tchad, o\u00f9 ils deviennent<wbr \/> d\u00e9linquant<wbr \/>s.<\/span><\/p><\/blockquote>\n<p>\u00ab\u00a0On est ensemble\u00a0\u00bb est une expression utilis\u00e9e dans certains pays d&rsquo;Afrique.<br \/>\n\u00ab\u00a0On est ensemble\u00a0\u00bb signifie qu&rsquo;on partage les peines, les joies, on se soutient, on s&rsquo;encourage, on exprime ainsi son attachement.<\/p>\n<p><img loading=\"lazy\" class=\"size-medium wp-image-4 aligncenter\" src=\"http:\/\/eco3x.fr\/BLOG\/onestensemble\/wp-content\/uploads\/mains2015-300x128.jpg\" alt=\"mains2015\" width=\"300\" height=\"128\" srcset=\"https:\/\/eco3x.fr\/BLOG\/onestensemble\/wp-content\/uploads\/mains2015-300x128.jpg 300w, https:\/\/eco3x.fr\/BLOG\/onestensemble\/wp-content\/uploads\/mains2015-768x326.jpg 768w, https:\/\/eco3x.fr\/BLOG\/onestensemble\/wp-content\/uploads\/mains2015.jpg 960w\" sizes=\"(max-width: 300px) 100vw, 300px\" \/><\/p>\n<p>&nbsp;<\/p>\n<p>&nbsp;<\/p>\n<p><a href=\"https:\/\/www.tookets.com\/associations\/detail?id=3743\"><img src=\"https:\/\/www.tookets.com\/associations\/imagecagnotte\/id\/3743\" \/><\/a><\/p>\n","protected":false},"excerpt":{"rendered":"<p>Cr\u00e9er le 5 juillet 2014, \u00ab\u00a0On est\u00a0Ensembles\u00a0\u00bb est une association cr\u00e9\u00e9e dans le but de mener des actions de soutien pour des causes humanitaires comme\u00a0 \u00ab\u00a0le foyer de Balimba\u00a0\u00bb. Ces enfants sont livr\u00e9s \u00e0 eux-m\u00eames et vivent dans la rue, en errance sur les march\u00e9s. Ce sont des enfants orphelins, l&rsquo;esp\u00e9rance de vie au Tchad [&hellip;]<\/p>\n","protected":false},"author":1,"featured_media":5,"parent":0,"menu_order":0,"comment_status":"closed","ping_status":"open","template":"","meta":{"_themeisle_gutenberg_block_has_review":false},"_links":{"self":[{"href":"https:\/\/eco3x.fr\/BLOG\/onestensemble\/wp-json\/wp\/v2\/pages\/2"}],"collection":[{"href":"https:\/\/eco3x.fr\/BLOG\/onestensemble\/wp-json\/wp\/v2\/pages"}],"about":[{"href":"https:\/\/eco3x.fr\/BLOG\/onestensemble\/wp-json\/wp\/v2\/types\/page"}],"author":[{"embeddable":true,"href":"https:\/\/eco3x.fr\/BLOG\/onestensemble\/wp-json\/wp\/v2\/users\/1"}],"replies":[{"embeddable":true,"href":"https:\/\/eco3x.fr\/BLOG\/onestensemble\/wp-json\/wp\/v2\/comments?post=2"}],"version-history":[{"count":9,"href":"https:\/\/eco3x.fr\/BLOG\/onestensemble\/wp-json\/wp\/v2\/pages\/2\/revisions"}],"predecessor-version":[{"id":79,"href":"https:\/\/eco3x.fr\/BLOG\/onestensemble\/wp-json\/wp\/v2\/pages\/2\/revisions\/79"}],"wp:featuredmedia":[{"embeddable":true,"href":"https:\/\/eco3x.fr\/BLOG\/onestensemble\/wp-json\/wp\/v2\/media\/5"}],"wp:attachment":[{"href":"https:\/\/eco3x.fr\/BLOG\/onestensemble\/wp-json\/wp\/v2\/media?parent=2"}],"curies":[{"name":"wp","href":"https:\/\/api.w.org\/{rel}","templated":true}]}}